0211102220
Convert -200020535 (base 6) to base 5.
-1330041102
Convert 11354052 (base 6) to base 12.
152928
1920779 (base 10) to base 15
27e1be
673ba (base 12) to base 13
4a521
Convert 10172278 (base 9) to base 5.
2222432021
-100010022110001 (base 3) to base 11
-2811562
What is -1dc3b (base 15) in base 5?
-11103011
-11000100100011001 (base 2) to base 11
-69675
What is 2411205 (base 6) in base 2?
11110110000110101
What is -1121033214 (base 5) in base 8?
-11465656
Convert -1000101110101101100000 (base 2) to base 4.
-20232231200
Convert 1101100100001110010 (base 2) to base 3.
211120210002
101131550 (base 7) to base 4
112202022023
274e2 (base 16) to base 13
58382
18a18b1 (base 13) to base 9
16184471
Convert 25532641 (base 7) to base 5.
1043440303
What is -50cbb3 (base 15) in base 9?
-7202456
-507426 (base 9) to base 3
-120021110220
-2a08b (base 14) to base 16
-197cb
Convert -3a112 (base 12) to base 2.
-10011011100011110
Convert -11100000011100010000 (base 2) to base 16.
-e0710
11215003 (base 6) to base 3
122111121010
-8980e8 (base 15) to base 16
-641093
2021120100220 (base 3) to base 6
41550253
What is -3233012 (base 4) in base 11?
-10551
18808d (base 16) to base 13
442b80
Convert -25c54 (base 15) to base 6.
-2331424
Convert 6621223 (base 7) to base 6.
25223124
What is 30001023101 (base 4) in base 11?
1862062
101120211210 (base 3) to base 15
41b20
What is 25263606 (base 7) in base 15?
301e20
-20034403 (base 5) to base 4
-212300020
-11112122212002 (base 3) to base 7
-26343620
Convert -11011111010001111010010 (base 2) to base 16.
-6fa3d2
Convert -33460063 (base 7) to base 11.
-1704841
What is 11111010001110011111101 (base 2) in base 9?
16376437
What is -14266253 (base 8) in base 13?
-895423
Convert 199432 (base 16) to base 10.
1676338
Convert -17acc9 (base 13) to base 6.
-20432223
6b32a7 (base 13) to base 11
1491109
1624734 (base 8) to base 4
1302213130
1330101030 (base 4) to base 5
112242004
Convert 207844 (base 10) to base 2.
110010101111100100
What is -16707642 (base 9) in base 7?
-131214230
What is -3221332131 (base 4) in base 6?
-32312513
What is -250172 (base 10) in base 5?
-31001142
What is 240a1a (base 11) in base 13?
104a99
Convert -431c8c (base 16) to base 14.
-826bc8
-35045 (base 14) to base 12
-62805
Convert -442762 (base 10) to base 3.
-211111100121
3b478 (base 14) to base 3
21102201100
-101100100111011000010011 (base 2) to base 16
-b27613
Convert 211001120001 (base 3) to base 6.
13150001
Convert 399290 (base 10) to base 16.
617ba
-18bad4 (base 16) to base 11
-a07717
Convert -111100101110011111 (base 2) to base 13.
-892a6
-dc444 (base 15) to base 12
-298a31
-72861c (base 13) to base 10
-2674788
What is -53aee9 (base 15) in base 2?
-1111001101000111001101
Convert -796c1 (base 15) to base 12.
-167661
What is 100101021201 (base 3) in base 14?
4b40d
Convert -6267a (base 13) to base 9.
-288557
-212377 (base 10) to base 5
-23244002
-27632245 (base 8) to base 4
-113303102211
What is -11212221101011 (base 3) in base 14?
-4b85c0
-1342323 (base 8) to base 12
-162957
Convert -10012220011002 (base 3) to base 5.
-414212334
What is -235360 (base 12) in base 9?
-1056480
Convert -2d26c (base 14) to base 8.
-334540
Convert -4061b (base 12) to base 13.
-2c207
11212022000020 (base 3) to base 2
1001110110111011110111
Convert 201111021200 (base 3) to base 5.
44234121
-25271308 (base 9) to base 2
-101111010000011100110100
What is -27c60c (base 15) in base 9?
-3537773
Convert 22200221120122 (base 3) to base 14.
885433
What is 326137 (base 10) in base 16?
4f9f9
6c984 (base 16) to base 2
1101100100110000100
2201334 (base 6) to base 15
2255a
What is b7c639 (base 13) in base 10?
4311576
Convert 26ca6 (base 14) to base 10.
95794
Convert 44f012 (base 16) to base 12.
161a642
10231322301 (base 4) to base 8
4557261
-101301010 (base 5) to base 2
-1100101100000001011
Convert 100210220200002 (base 3) to base 14.
99a37a
Convert -10210221112022 (base 3) to base 16.
-1eeb25
Convert -18996 (base 16) to base 6.
-2054250
What is -189339 (base 11) in base 12?
-120197
What is 538983 (base 11) in base 7?
10214136
What is 153306a (base 13) in base 14?
c85380
Convert abd33 (base 16) to base 4.
2223310303
Convert 5113772 (base 8) to base 13.
3833c5
What is 10212200000 (base 3) in base 16?
12a0e
What is -7816 (base 16) in base 9?
-46147
Convert 112838 (base 11) to base 10.
179363
What is -5b91ea (base 15) in base 5?
-2110301240
Convert -22a6419 (base 11) to base 7.
-46112323
Convert 8b2616 (base 12) to base 9.
4157450
1111001011111111111010 (base 2) to base 16
3cbffa
Convert -6315672 (base 8) to base 11.
-a469a7
Convert cb99a (base 15) to base 9.
1185211
-1110103303 (base 4) to base 16
-544f3
Convert 72a51 (base 15) to base 12.
1563b7
What is -200031 (base 7) in base 3?
-1201010210
Convert 190d4a (base 16) to base 2.
110010000110101001010
Convert -21102121103 (base 4) to base 11.
-1413202
Convert -edac (base 16) to base 2.
-1110110110101100
-52425 (base 11) to base 2
-10010101001011010
What is -3036c12 (base 13) in base 15?
-14305e0
346119 (base 10) to base 7
2641044
65906 (base 10) to base 11
45575
Convert -2542004 (base 6) to base 13.
-4a95c
What is 10b92 (base 16) in base 8?
205622
Convert -673884 (base 9) to base 12.
-175364
-231124100 (base 5) to base 16
-fcf76
Convert -12914 (base 12) to base 11.
-18186
Convert -22002011 (base 3) to base 9.
-8064
Convert -7b70 (base 14) to base 12.
-10506
Convert -21000022 (base 4) to base 13.
-13a26
Convert -46697 (base 11) to base 8.
-203466
What is 14261032 (base 8) in base 12?
1100aa2
What is 1b548 (base 13) in base 2?
1101000110000001
Convert 110102516 (base 7) to base 3.
110102121212012
What is 53095 (base 12) in base 3?
12112111012
Convert -72223326 (base 8) to base 9.
-31667878
-28023 (base 15) to base 11
-88421
-1103044342 (base 5) to base 12
-97530a
What is 29902 (base 12) in base 2?
1110001111010010
Convert -23100030032 (base 4) to base 12.
-ba3152
What is -4240030022 (base 5) in base 4?
-201332311221
Convert -202001 (base 4) to base 15.
-9a2
What is 117503 (base 8) in base 9?
61831
Convert 206266 (base 7) to base 15.
a92d
What is -234432211 (base 7) in base 6?
-1235434454
-101111101110010110 (base 2) to base 5
-22223403
What is 44b9a0 (base 12) in base 6?
35314320
Convert 12110202212 (base 3) to base 12.
52412
What is -450fb (base 16) in base 11?
-18358a
Convert 42423222 (base 5) to base 8.
1273061
What is -2487502 (base 9) in base 14?
-2747c0
-246170 (base 8) to base 4
-110301320
Convert -266ab (base 16) to base 4.
-212122223
-602cc (base 14) to base 11
-148672
28c936 (base 13) to base 5
223432004
Convert 331614 (base 8) to base 5.
12032000
Convert -732b2 (base 12) to base 16.
-24ce6
Convert 6e99b6 (base 16) to base 7.
115416046
1112201001122 (base 3) to base 8
3103242
Convert 152511544 (base 6) to base 13.
88670b
16546b (base 15) to base 2
100000111111010101001
Convert -41444444 (base 5) to base 16.
-53ec5
What is 4d1d (base 16) in base 6?
231221
What is 1614236 (base 7) in base 12?
a8845
What is -10421432 (base 5) in base 8?
-263725
Convert 13f7e (base 16) to base 11.
564a5
What is -105372 (base 10) in base 9?
-170480
What is 472610 (base 8) in base 11?
10009a
5110645 (base 8) to base 13
382749
Convert 4140043 (base 7) to base 14.
cd1ca
311101220 (base 4) to base 11
139a49
Convert -1c0076 (base 15) to base 12.
-55b0b6
5133b (base 16) to base 5
41120403
1a105 (base 14) to base 11
456a2
Convert -2ab13 (base 14) to base 9.
-172012
425959 (base 10) to base 5
102112314
-46a0512 (base 11) to base 16
-7d1d9a
-2032136 (base 7) to base 8
-733077
Convert -240c7 (base 13) to base 8.
-201031
8c9cb (base 14) to base 11
214110
215500 (base 9) to base 11
88779
What is 1577441 (base 11) in base 10?
2689149
Convert 20242314 (base 6) to base 9.
1075171
What is -44a441 (base 13) in base 15?
-220960
Convert -2033303230 (base 4) to base 9.
-1087004
What is -407583 (base 9) in base 10?
-241779
What is -244677 (base 8) in base 12?
-40a27
Convert 125782 (base 16) to base 10.
1202050
Convert 989248 (base 12) to base 15.
32c632
34a93b (base 15) to base 9
4654832
-886fd (base 16) to base 6
-15551125
What is -54c1 (base 15) in base 2?
-100011000100100
Convert 137284 (base 9) to base 10.
84073
Convert -31124211 (base 6) to base 8.
-3331357
657a32 (base 1